0) + -1 + -51 + 11.
121
Calculate -56 + (-36 + 47 - -28).
-17
Evaluate 8 - 0 - (1 - 11) - (-73 - 26).
117
What is the value of -56 - (-27 - -17 - 9)?
-37
What is 12 + -5 + (-3 + 4 - (-22 - 0))?
30
Calculate -3268 - -3273 - (85 + -1 - -3).
-82
Calculate -2 - 39 - (-313 - -305) - -18 - (-51 + 0).
36
4 + -1 + (-10 - (-17 - -14 - -78) - -13)
-69
3 + -5 - (27 - (-16 + 38))
-7
Calculate 38 + -19 - (-50 - -76).
-7
Calculate -802 + 805 - ((0 - 27) + (-8 - (8 + -19))).
27
Calculate 52 + (60 - 65) + -72.
-25
Calculate -10 - (-290 + 284 + (1 - -23)).
-28
Evaluate 1 + -53 + -2 + 47 + 0 + 6 + 0.
-1
What is 5 - (-26 + 49 + -42)?
24
What is -1 + (2 - 9) + (-284 + 110 - -178)?
-4
Calculate -43 - (49 + -99 - -33).
-26
Evaluate 0 + -6 - ((3 - -9) + 244 + -231).
-31
-24 + 35 + -38 + 149 + -15
107
What is the value of 10 + 3 - (67 + 11 - (48 + -16 - 34))?
-67
Evaluate 48 - (0 + 89 + 0).
-41
Evaluate -111 + (-30 - 19) + 108.
-52
Evaluate -16 + 4 + 12 + -7 + (3 - 1) - 50.
-55
Evaluate 3 + 1 + 19 + -28 + (-29 - -33).
-1
116 + 1 + -49 + -75
-7
What is -20 - 11 - (-1 + -43) - 48?
-35
What is -7 + (-121 - (10 + -16) - 6) - (-77 + 69)?
-120
What is 6 - (-54 + 98 + -10)?
-28
What is the value of 21 + (-16 - -94) + -66?
33
What is 19 + -9 - (-196 - -146)?
60
What is -38 + -46 + 132 - 10?
38
What is (17 + 4 + -15 - (-34 + 0)) + -2 + 4?
42
Evaluate -6 - (-2 + 3) - (229 + -153).
-83
What is -50 - (50 + -78) - -32?
10
((1 - 0) + -7 - (-13 - -11)) + 22 + 9
27
What is the value of (24 - -2) + (-1778 - -1787)?
35
Evaluate 11 - (0 + 6 + (4 + 6 + 63 - 8)).
-60
Evaluate 203 - (2 + 42) - ((9 - -6) + 8).
136
What is the value of 4 + 0 + 15 + -9 + (183 - 209)?
-16
What is the value of 392 + -372 + (1 - 49) - (5 + (1 - 0))?
-34
What is the value of (97 + -18 - -32 - 21) + -34?
56
Calculate (27 - (-47 - -30) - -1) + 49.
94
What is the value of (-118 + 97 - ((-2 - 4) + -4)) + 69?
58
What is (-22 - (18 - 37) - 13) + 0?
-16
What is 30 + -90 - (1 - 35)?
-26
4 + -11 - ((-44 - -96) + -20)
-39
Evaluate -1 - 17 - (-28 - (-176 - -57)).
-109
What is (-2 - -1) + 9 + -13 + (0 - 25 - -144)?
114
What is the value of -6 - 31 - ((-12 - (-6 - 0)) + 4)?
-35
Evaluate 8 + -1 + (-3 - (8 - 14)) + -18 + 20.
12
Evaluate 21 + (-5 - (-14 + 26)) + (3 - 0 - 68).
-61
What is 27 - -90 - 63 - 3?
51
Calculate 22 - 7 - (-17 + 39 + -8) - -60.
61
Calculate (-22 - (-92 - -21 - -20)) + -17.
12
What is the value of -23 + -25 - -28 - -94 - 13?
61
Calculate (-52 - (-32 - 12)) + 55.
47
What is (-3 + -118 - (30 - (26 - -17))) + (-4 - -7)?
-105
What is the value of (156 - 71) + -145 - 49?
-109
Evaluate -2 + 1 + -7 - (12186 + -12160).
-34
What is -103 + (34 + 18 - 79)?
-130
Evaluate (2 - (-12 - -9)) + (7 - 1) + -3 + -9.
-1
Calculate -3 - (42 + -47 - (8 - 0)) - -49.
59
Evaluate 4 + -59 + (128 - 78).
-5
Evaluate -37 + (11 - 3) + -18 + 4 + -11 + 10.
-44
What is the value of 16 - (12 - -21) - -67 - 20?
30
(-15 - -57) + -27 - (15 - (5 - 2))
3
What is the value of -10 - (90 + 11 + (-2 - 27) + 20 + -7)?
-95
What is the value of 7 + 30 + -28 - (1 + 0 + 1 + 4)?
3
Calculate -573 + 610 - (1 + 46).
-10
What is the value of -71 + (-34 - -40) + 25 - 15?
-55
Calculate -7 + -5 + 37 + (7 - (-2 - -3)).
31
Evaluate -14 + (-1 - 13 - (38 + -45 + -54)).
33
Evaluate -13 - ((-23 - (-36 - -9)) + 3 + 6).
-26
Calculate 12 + (-29 - -9) - (6 - 3 - 94).
83
(1 + -6 - -2) + -91 + 141
47
12 + (17 - (18 - 5)) + 5 + 50
71
-189 - -134 - ((1 - (5 + -14) - 9) + -3)
-53
What is -53 + (-59 + 109 - -31)?
28
What is (15 - 94) + 102 - 42?
-19
Calculate (-42 + 18 + 9 - -82) + -14 + -20.
33
What is (-8 - (-3 + 1 + -9)) + (-2 + -1 - 21)?
-21
What is the value of 100 + -19 + 41 + (17 - 39) + 12?
112
What is the value of (-43 - -1 - 1) + -1988 + 2008?
-23
What is -125 + 131 + 0 + -5 + (-14 - 22)?
-35
What is -3 + 46 - (8 - 24 - -29)?
30
What is -170 - -28 - (6 + -1 + -26 - (-7 + 2))?
-126
(109 - (-16 + 58)) + -50 + (0 - 15)
2
Calculate 194 + 169 + -342 + -1 + 2.
22
Calculate -207 + 152 + 146 + -82.
9
Evaluate 4 - (8 - (20 + 1 + -10)) - 4.
3
-119 + -34 + 27 + 18
-108
What is the value of (47 - (-50 - -102)) + 9?
4
What is the value of -15 + -12 + 23 - (7 + -22)?
11
What is the value of (0 + -23 + 5 - -10) + -49?
-57
What is the value of (-175 - -209) + (-6 - -3)?
31
Calculate -38 + 72 + -47 + (2 - -11).
0
Calculate (72 - 39 - 25) + -40.
-32
Evaluate -27 - (-70 - -57 - 16).
2
Calculate 1 + (-24 - (-13 + -1)) + 4 + 35.
30
Evaluate 68 - (-4 + 15 + 38 + -26).
45
What is the value of -24 + (36 - (33 + 17))?
-38
11 - (-3 + 4 + 1 - (1077 + -1012))
74
-9 + (30 - 16 - -23) + 0 + 2
30
What is -37 - (0 - (2 - 5)) - (-4 - (-20 - -10))?
-46
42 + -1 - 11 - (8 + 7 + -2)
17
What is the value of (-56 - -55) + 24 - 13?
10
465 + -465 - (37 + 0 - 4)
-33
Evaluate (26 - -10) + -4 + 1 + 13.
46
Evaluate -33 - (28 + (8 + -26 - 14)).
-29
What is -7 + (58 - 1 - 2)?
48
24 + (-33 - -7) + -3 - -2
-3
Calculate -164 + -67 + 102 + 23 + 0 + -5.
-111
-48 + 56 + -12 + 2 + (1 - 4 - 39)
-44
What is (11 - -2) + (-522 - -555)?
46
What is 57 - 0 - (7626 + -7612)?
43
What is the value of -46 + 19 + 8 - -2 - 21?
-38
Evaluate -74 + ((-25 - 9) + 39 - (-3 - 2)).
-64
What is -4 - (14 + 32) - -18?
-32
Calculate (3824 - 3843) + -66 + (4 - 3).
-84
Evaluate 23 + (17 - 39 - -7).
8
324 - 510 - (-96 + 2)
-92
What is the value of 10 - 4 - (-7 - -11) - -48?
50
What is the value of (127 - (105 - 21)) + -116?
-73
Calculate 25 - (6 + 13 - 19).
25
-18 - (30 - (37 - 0))
-11
Calculate -10 + ((4 - (0 + -1)) + 43 + -52 - -83).
69
What is the value of (39 - (47 + -6)) + (-5 - 1) + 6?
-2
-25 - -23 - (-625 - -710)
-87
-2 + 9 + -14 + (12 - (28 + -22))
-1
(-8 - (7 - 33)) + -64 - (1 - 11)
-36
Calculate 1 + 3 - (-17 + ((-29 - -24) + 14 - 7)).
19
What is the value of 17 - (-6 + 18 + 1 + -18 - -14)?
8
-6 - -2 - (-11 + 12 + 3)
-8
Calculate -2 + -4 + 8 + (-18 - 4).
-20
Evaluate -3 + (0 + 3 - ((0 - -5 - 69) + 12)).
52
Calculate (15 - (-33 + 96)) + -35 - -19.
-64
Calculate 34 + 0 + (11 + 4 + -19 + 3 - -8).
41
(46 + 9 - -27) + -44
38
Calculate 8 - (23 - (-14 + 96 + 12)).
79
What is 7 + 2 - (-11 + 13 + 21 - 14 - -35)?
-35
Calculate (-296 - -307) + (-3 - -8) + -3 - -86.
99
Calculate -4 + 10 + -3 + 1 + -3 + (-89 - -75).
-13
78 + (87 + -55 - 91)
19
What is the value of 97 + -59 - (15 - 18)?
41
Calculate 12 - -1 - (0 + 21 - (141 + -116)).
17
Evaluate -21 - (-54 + 39 + 47).
-53
Evaluate 2 + 55 + (0 - 35) + 4 + 13 + 9.
48
Calculate 9 - (-96 - -15 - -81).
9
Evaluate 7 + -2 + -27 + 15 + (-371 - -386) - 18.
-10
Calculate 156 - 196 - (-1 + -56).
17
What is 50 + (-3 - -33 - (-33 - (-25 + -24)))?
64
Evaluate 10 + -16 + (-6 - -1) + 15 + -8.
-4
1444 - 1432 - (-6 - (-3 + (0 - -6) + -1))
20
Calculate (-2 - 0 - (-79 + 94)) + 44.
27
What is (-8 - -91) + 6 + (-10 - -27) + 8 + -12?
102
Calculate 4732 + -4763 + (-1 + -1 - 18).
-51
64 + 5 + (9 - (28 - 12))
62
-2221 + 1997 + (0 - -113)
-111
((21 - 60 - -47) + (-2 - 1) - -5) + 13
23
Evaluate (-1 + 34 - (-930 - -1080)) + 16.
-101
What is the value of 13 + -13 - 10 - (1 + 2 + 9 + -3)?
-19
Calculate -17 + 14 + -3 + 28 - -3.
25
3339 + -3312 - (-4 + 2 + 15)
14
What is (8 + 9 - (43 + 1)) + -7?
-34
What is the value of (0 - -1) + (-1 - (79 + (19 - 59)))?
-39
Evaluate -108 - -139 - (4 - -18 - 4) - (0 - -8).
5
-2 + 66 + -42 + -65 + -6
-49
What is 106 - (86 + -8 + -19)?
47
What is the value of (-48 + 6 - (-5 + -35) - (-1 - 14)) + -58?
-45
Evaluate -4 - (6 + 13 + 2) - 51.
-76
What is the value of -4 + 17 + (-45 - (-19 + 2))?
-15
Calculate (2 - 4) + -3 + -455 + 520.
60
What is (15 - 45 - -40) + -2 + 2 + 9?
19
What is the value of 1 + -6 + -13 + -5 + 2 + (28 - 31)?
-24
Evaluate 12 - ((-16 - -6) + -11).
33
(-19 - (-22 + 5)) + (-2 - -2)
-2
What is 13 + 9 + (-20 - -58) + -20 + 6?
46
-4 + -17 + (-12 + 20 - -3) - 8
-18
Evaluate (2 - -93) + -111 - -19.
3
What is the value of (74 - -5) + -66 + (-2 - ((-3 - 55) + 2))?
67
What is the value of 20 + 36 + -27 + 2?
31
What is -1 + (-14 - (-2 - 0)) + -3 + -2?
-18
What is the value of (2 - (2 + 12)) + (66 - -23 - -6) + -12?
71
Evaluate -54 + -45 - (46 + -81).
-64
What is the value of -122 + -134 + 287 + -151?
-120
What is 8 + (1 + 3 + 2 - ((-21 - 10) + -30))?
75
What is 611 - 603 - (38 - (1 - -1))?
-28
What is -12 + 73 + -38 - (-1 - -35)?
-11
What is the value of -198 + 187 - (0 + 146 - (-5 + 6 + 3))?